{"id":3369,"date":"2024-02-28T11:19:07","date_gmt":"2024-02-28T14:19:07","guid":{"rendered":"https:\/\/hoteljoli.com.br\/novo\/?page_id=3369"},"modified":"2024-03-04T20:35:25","modified_gmt":"2024-03-04T23:35:25","slug":"mapasite","status":"publish","type":"page","link":"https:\/\/hoteljoli.com.br\/novo\/mapasite\/","title":{"rendered":"Mapa do Site"},"content":{"rendered":"\t\t<div data-elementor-type=\"wp-page\" data-elementor-id=\"3369\" class=\"elementor elementor-3369\">\n\t\t\t\t<div class=\"elementor-element elementor-element-badc950 e-con-full e-flex e-con e-parent\" data-id=\"badc950\" data-element_type=\"container\" data-e-type=\"container\" data-settings=\"{&quot;background_background&quot;:&quot;classic&quot;}\">\n\t\t\t\t<\/div>\n\t\t<div class=\"elementor-element elementor-element-d9cf03d e-flex e-con-boxed e-con e-parent\" data-id=\"d9cf03d\" data-element_type=\"container\" data-e-type=\"container\">\n\t\t\t\t\t<div class=\"e-con-inner\">\n\t\t\t\t<div class=\"elementor-element elementor-element-1b28adb elementor-widget elementor-widget-heading\" data-id=\"1b28adb\" data-element_type=\"widget\" data-e-type=\"widget\" data-widget_type=\"heading.default\">\n\t\t\t\t<div class=\"elementor-widget-container\">\n\t\t\t\t\t<h2 class=\"elementor-heading-title elementor-size-default\">Website Hotel Joli<\/h2>\t\t\t\t<\/div>\n\t\t\t\t<\/div>\n\t\t\t\t<div class=\"elementor-element elementor-element-ccbeb9e elementor-widget elementor-widget-text-editor\" data-id=\"ccbeb9e\" data-element_type=\"widget\" data-e-type=\"widget\" data-widget_type=\"text-editor.default\">\n\t\t\t\t<div class=\"elementor-widget-container\">\n\t\t\t\t\t\t\t\t\t<p>Neste mapa permite voc\u00ea visualizar sua navega\u00e7\u00e3o e acessar a \u00e1rea desejada atrav\u00e9s de um dos links abaixo:<\/p>\t\t\t\t\t\t\t\t<\/div>\n\t\t\t\t<\/div>\n\t\t\t\t\t<\/div>\n\t\t\t\t<\/div>\n\t\t<div class=\"elementor-element elementor-element-0018ee6 e-flex e-con-boxed e-con e-parent\" data-id=\"0018ee6\" data-element_type=\"container\" data-e-type=\"container\">\n\t\t\t\t\t<div class=\"e-con-inner\">\n\t\t\t\t<div class=\"elementor-element elementor-element-c5b4fb9 elementor-widget elementor-widget-shortcode\" data-id=\"c5b4fb9\" data-element_type=\"widget\" data-e-type=\"widget\" data-widget_type=\"shortcode.default\">\n\t\t\t\t<div class=\"elementor-widget-container\">\n\t\t\t\t\t\t\t<div class=\"elementor-shortcode\"><div class=\"wsp-container\"><h2 class=\"wsp-pages-title\">Pages<\/h2>\n<ul class=\"wsp-pages-list\">\n<li class=\"page_item page-item-1702 menu-item\"><a href=\"https:\/\/hoteljoli.com.br\/novo\/\" class=\"menu-link\">In\u00edcio<\/a><\/li>\n<li class=\"page_item page-item-4941 menu-item\"><a href=\"https:\/\/hoteljoli.com.br\/novo\/institucional\/\" class=\"menu-link\">Institucional<\/a><\/li>\n<li class=\"page_item page-item-5668 menu-item\"><a href=\"https:\/\/hoteljoli.com.br\/novo\/apart\/\" class=\"menu-link\">Apartamentos<\/a><\/li>\n<li class=\"page_item page-item-5787 menu-item\"><a href=\"https:\/\/hoteljoli.com.br\/novo\/reservas\/\" class=\"menu-link\">Reservas<\/a><\/li>\n<li class=\"page_item page-item-2278 menu-item\"><a href=\"https:\/\/hoteljoli.com.br\/novo\/double\/\" class=\"menu-link\">Double<\/a><\/li>\n<li class=\"page_item page-item-1935 menu-item\"><a href=\"https:\/\/hoteljoli.com.br\/novo\/twin\/\" class=\"menu-link\">Twin<\/a><\/li>\n<li class=\"page_item page-item-2254 menu-item\"><a href=\"https:\/\/hoteljoli.com.br\/novo\/triplo\/\" class=\"menu-link\">Triplo<\/a><\/li>\n<li class=\"page_item page-item-32 menu-item\"><a href=\"https:\/\/hoteljoli.com.br\/novo\/servicos\/\" class=\"menu-link\">Servi\u00e7os<\/a><\/li>\n<li class=\"page_item page-item-33 menu-item\"><a href=\"https:\/\/hoteljoli.com.br\/novo\/contato\/\" class=\"menu-link\">Contato<\/a><\/li>\n<li class=\"page_item page-item-31 menu-item\"><a href=\"https:\/\/hoteljoli.com.br\/novo\/turismo\/\" class=\"menu-link\">Turismo<\/a><\/li>\n<li class=\"page_item page-item-1314 menu-item\"><a href=\"https:\/\/hoteljoli.com.br\/novo\/politicas\/\" class=\"menu-link\">Pol\u00edticas de privacidade<\/a><\/li>\n<li class=\"page_item page-item-3369 menu-item\"><a href=\"https:\/\/hoteljoli.com.br\/novo\/mapasite\/\" class=\"menu-link\">Mapa do Site<\/a><\/li>\n<\/ul>\n<\/div><\/div>\n\t\t\t\t\t\t<\/div>\n\t\t\t\t<\/div>\n\t\t\t\t\t<\/div>\n\t\t\t\t<\/div>\n\t\t<div class=\"elementor-element elementor-element-5d61827 e-flex e-con-boxed e-con e-parent\" data-id=\"5d61827\" data-element_type=\"container\" data-e-type=\"container\">\n\t\t\t\t\t<div class=\"e-con-inner\">\n\t\t\t\t<div class=\"elementor-element elementor-element-6016018 elementor-fixed elementor-view-framed elementor-shape-circle elementor-invisible elementor-widget elementor-widget-icon\" data-id=\"6016018\" data-element_type=\"widget\" data-e-type=\"widget\" data-settings=\"{&quot;_position&quot;:&quot;fixed&quot;,&quot;_animation&quot;:&quot;zoomInDown&quot;}\" data-widget_type=\"icon.default\">\n\t\t\t\t<div class=\"elementor-widget-container\">\n\t\t\t\t\t\t\t<div class=\"elementor-icon-wrapper\">\n\t\t\t<a class=\"elementor-icon elementor-animation-pulse\" href=\"https:\/\/wa.me\/13997493679\/?\">\n\t\t\t<i aria-hidden=\"true\" class=\"xlio ion-logo-whatsapp\"><\/i>\t\t\t<\/a>\n\t\t<\/div>\n\t\t\t\t\t\t<\/div>\n\t\t\t\t<\/div>\n\t\t\t\t\t<\/div>\n\t\t\t\t<\/div>\n\t\t\t\t<\/div>\n\t\t","protected":false},"excerpt":{"rendered":"<p>Website Hotel Joli Neste mapa permite voc\u00ea visualizar sua navega\u00e7\u00e3o e acessar a \u00e1rea desejada atrav\u00e9s de um dos links abaixo:<\/p>\n","protected":false},"author":1,"featured_media":0,"parent":0,"menu_order":12,"comment_status":"closed","ping_status":"closed","template":"","meta":{"site-sidebar-layout":"no-sidebar","site-content-layout":"page-builder","ast-site-content-layout":"default","site-content-style":"default","site-sidebar-style":"default","ast-global-header-display":"","ast-banner-title-visibility":"","ast-main-header-display":"","ast-hfb-above-header-display":"","ast-hfb-below-header-display":"","ast-hfb-mobile-header-display":"","site-post-title":"disabled","ast-breadcrumbs-content":"","ast-featured-img":"","footer-sml-layout":"","theme-transparent-header-meta":"enabled","adv-header-id-meta":"","stick-header-meta":"","header-above-stick-meta":"","header-main-stick-meta":"","header-below-stick-meta":"","astra-migrate-meta-layouts":"default","ast-page-background-enabled":"default","ast-page-background-meta":{"desktop":{"background-color":"","background-image":"","background-repeat":"repeat","background-position":"center center","background-size":"auto","background-attachment":"scroll","background-type":"","background-media":"","overlay-type":"","overlay-color":"","overlay-opacity":"","overlay-gradient":""},"tablet":{"background-color":"","background-image":"","background-repeat":"repeat","background-position":"center center","background-size":"auto","background-attachment":"scroll","background-type":"","background-media":"","overlay-type":"","overlay-color":"","overlay-opacity":"","overlay-gradient":""},"mobile":{"background-color":"","background-image":"","background-repeat":"repeat","background-position":"center center","background-size":"auto","background-attachment":"scroll","background-type":"","background-media":"","overlay-type":"","overlay-color":"","overlay-opacity":"","overlay-gradient":""}},"ast-content-background-meta":{"desktop":{"background-color":"var(--ast-global-color-5)","background-image":"","background-repeat":"repeat","background-position":"center center","background-size":"auto","background-attachment":"scroll","background-type":"","background-media":"","overlay-type":"","overlay-color":"","overlay-opacity":"","overlay-gradient":""},"tablet":{"background-color":"var(--ast-global-color-5)","background-image":"","background-repeat":"repeat","background-position":"center center","background-size":"auto","background-attachment":"scroll","background-type":"","background-media":"","overlay-type":"","overlay-color":"","overlay-opacity":"","overlay-gradient":""},"mobile":{"background-color":"var(--ast-global-color-5)","background-image":"","background-repeat":"repeat","background-position":"center center","background-size":"auto","background-attachment":"scroll","background-type":"","background-media":"","overlay-type":"","overlay-color":"","overlay-opacity":"","overlay-gradient":""}},"footnotes":""},"class_list":["post-3369","page","type-page","status-publish","hentry"],"_links":{"self":[{"href":"https:\/\/hoteljoli.com.br\/novo\/wp-json\/wp\/v2\/pages\/3369","targetHints":{"allow":["GET"]}}],"collection":[{"href":"https:\/\/hoteljoli.com.br\/novo\/wp-json\/wp\/v2\/pages"}],"about":[{"href":"https:\/\/hoteljoli.com.br\/novo\/wp-json\/wp\/v2\/types\/page"}],"author":[{"embeddable":true,"href":"https:\/\/hoteljoli.com.br\/novo\/wp-json\/wp\/v2\/users\/1"}],"replies":[{"embeddable":true,"href":"https:\/\/hoteljoli.com.br\/novo\/wp-json\/wp\/v2\/comments?post=3369"}],"version-history":[{"count":43,"href":"https:\/\/hoteljoli.com.br\/novo\/wp-json\/wp\/v2\/pages\/3369\/revisions"}],"predecessor-version":[{"id":5582,"href":"https:\/\/hoteljoli.com.br\/novo\/wp-json\/wp\/v2\/pages\/3369\/revisions\/5582"}],"wp:attachment":[{"href":"https:\/\/hoteljoli.com.br\/novo\/wp-json\/wp\/v2\/media?parent=3369"}],"curies":[{"name":"wp","href":"https:\/\/api.w.org\/{rel}","templated":true}]}}